he units digit of j?
9
Let g = -168 - -2374. What is the thousands digit of g?
2
Let d be 4/(-6)*(-4 - -1). Suppose -3 = -d*f + f. Suppose f*j - 57 = 3*n, 2*n = 3*j + 4*n - 42. What is the units digit of j?
6
Suppose -3*s + 15068 = 4*a, 17*s - 10045 = 15*s - 3*a. What is the thousands digit of s?
5
Let f = 172 + -99. What is the tens digit of f?
7
Let b = 444 + -388. What is the tens digit of b?
5
Let p(m) = -3*m + 2. Let o(w) = -w + 2*w - 5*w + 2 + 2*w. Let z(k) = 4*o(k) - 3*p(k). What is the units digit of z(2)?
4
Let u(g) = -24*g - 5. Let v = 11 + -8. Suppose i - v*r = -2, 2*r = 5*i + 5*r + 10. What is the tens digit of u(i)?
4
Let t be ((-1)/(5/6))/(69/(-21160)). Suppose 24*l = 20*l + t. What is the units digit of l?
2
What is the hundreds digit of 8/84 + 77455/147?
5
Let v = 33 - 58. Let p = 18 + v. Let b = -3 - p. What is the units digit of b?
4
Let k(i) = i**2 - 17*i - 15. Let u be k(18). What is the units digit of 9*(-4 - (-50)/u)?
4
Let c(k) be the second derivative of -1/12*k**4 + 7/3*k**3 + 0 - 4*k - 5/2*k**2. What is the units digit of c(13)?
8
Let y = 264 - 220. What is the tens digit of y?
4
Let h be 0/(-2) + (-3 - -35). Let a be h*-1*(-5)/10. Let l = 28 - a. What is the tens digit of l?
1
Let q = 108 + 746. What is the hundreds digit of q?
8
Let x(t) = 7*t + 101. Let s = -1 - -1. What is the units digit of x(s)?
1
Suppose -8*w = -2397 - 1923. What is the tens digit of w?
4
What is the tens digit of 4/(-10)*-58 + 6/(-30)?
2
Suppose 66441 = 46*u - 6055. What is the units digit of u?
6
Suppose -3*g - 2*y = 327 - 1186, 0 = -5*g + y + 1423. What is the units digit of g?
5
Let g be (0 + -16)/(-1*(-3)/3). Let t(a) = -6*a - 7. Let y be t(8). Let p = g - y. What is the tens digit of p?
3
Suppose -3*v + j + 1005 = -3*j, 0 = j - 3. What is the tens digit of v?
3
Suppose 417 = 4*b - 2*b - 3*d, b = -3*d + 204. What is the hundreds digit of b?
2
Let x = -626 - -1725. What is the hundreds digit of x?
0
Let w = 3466 - 1015. What is the thousands digit of w?
2
Suppose -7*r + 18 = -r. Suppose 0 = -s + p - 3*p + 5, 2*s = 3*p + r. Suppose 6*n - s*n = 132. What is the tens digit of n?
4
Let o = 1822 - 1298. What is the hundreds digit of o?
5
Let g = 16 - 14. Suppose -10*r + g*r = -8. What is the units digit of r?
1
Let r(m) = 644*m**2 + m - 4. What is the tens digit of r(1)?
4
Suppose 2*a + 524 = -4*g, -4*g - 648 + 120 = 3*a. Let x(h) = h - 91. Let f be x(0). Let j = f - g. What is the units digit of j?
8
Let z(m) = 2*m**2 + 37*m + 1. Let x(w) = w**2 + 19*w + 1. Let q(h) = 11*x(h) - 6*z(h). Let k be q(-13). Suppose 6 = k*y + 1. What is the units digit of y?
1
Suppose 3*w + 3*m = 5505, 3*m + 1827 = 16*w - 15*w. What is the units digit of w?
3
Suppose -8*s + 0*s = -32. Suppose 0 = d + f - 12, s = d + d - 2*f. What is the units digit of d?
7
Let v(d) = -d**3 + 13*d**2 + 4. Let c be v(13). Let u(t) = 11*t - 4. What is the units digit of u(c)?
0
Let m be -1*(-3)/4 + (-21)/(-4). What is the tens digit of (-28)/(-6)*(9 + m)?
7
Let h(z) = -z**2 + 13*z - 7. Let j be h(12). Suppose j*o - 526 = -3*f, -2 = f - 4. Suppose -2*c = -o + 2. What is the tens digit of c?
5
Suppose -104 = -5*w + 41. Suppose -3*h = -2*h - w. What is the units digit of h?
9
Suppose 17*b = 1751 + 2278. What is the tens digit of b?
3
Suppose 28 + 221 = h. Suppose -5*d + 3*p = -h, 0 = -3*d + p - 4*p + 159. What is the tens digit of d?
5
Suppose -15377 + 4681 = -4*q. What is the units digit of q?
4
Let u = -18 - -5. Let c = -4 - u. Suppose 0 = -5*f + 46 + c. What is the tens digit of f?
1
Let i(b) = -23*b + 174. What is the tens digit of i(-33)?
3
Let p = -1118 - -1600. Suppose -3*q = 5*a - 798, -7*q = -3*a - 8*q + p. What is the hundreds digit of a?
1
Let o(f) = 5*f**2 - 10*f - 2. Suppose 0 = 4*p + 2*z - 20, -p - 2*p + 13 = 2*z. What is the units digit of o(p)?
3
Suppose 3 = 3*m + 6. Let j be 0 + (-1 + 0)/m. What is the units digit of j/((-66)/68 - -1)?
4
Let f(t) = t**2 - 3*t - 11. Let x be f(6). Let l(h) = -4 + h - 4*h + 2 - x. What is the units digit of l(-5)?
6
Let w(s) = 5*s + 49. Let j be w(-9). Suppose 3*x = 3*m + 537, 0 = -2*x - j*m - 65 + 453. What is the hundreds digit of x?
1
Suppose 2*i - 11 + 51 = 0. What is the tens digit of (-3)/i*5 - (-969)/4?
4
Let p(m) = -m**3 - 14*m**2 - 2*m - 10. Let z be p(-14). Let h = z + -21. What is the tens digit of 24 - h/(-12)*0?
2
Let a = 369 - 205. Suppose 4*q + 0*q = a. What is the tens digit of q?
4
Suppose -2*t = -3*k + 115, -t + 6*t = 4*k - 305. Let n = 113 + t. What is the tens digit of n?
4
Let h(k) = -7*k**3 - k**2. Let x be (-4)/(-2) + -3*1. What is the units digit of h(x)?
6
Let t(a) = 5*a**2 - 7*a - 11. Suppose 4*n + 5*g + 27 = 0, -2*n + 5*g + 3 = 2*g. What is the units digit of t(n)?
5
Suppose 10*s = 4*s + 18. What is the units digit of s?
3
Let c = -34 - 37. What is the tens digit of (c/(-2))/((-4)/(-8))?
7
Let p(o) = -o**3 - 5*o**2 - 6*o + 14. Let c be p(-6). Let a be (35 - -1)*(-9)/6. Let k = a + c. What is the tens digit of k?
3
Suppose 0 = -0*x - x - 73. Let s = 91 + x. What is the tens digit of s?
1
Suppose 2247 = 33*f + 267. What is the units digit of f?
0
Suppose y + 5 - 25 = 0. Let z be y/(-6)*(2 + 1). What is the units digit of 25/z*(0 - 4)?
0
Let z = 9 + -11. Let u be (118 - 1)*(z - -1). Let t = -81 - u. What is the tens digit of t?
3
What is the hundreds digit of 2 + 3/(-2) - (-13559)/26?
5
Suppose 4*d - 354 = 94. Suppose -x = -d - 11. What is the units digit of x?
3
Let i be -4*1 - (-10 - -2). Let m be i - (2 + (1 - 3)). Suppose m*u = 5*y + 41, -y + 87 - 14 = 5*u. What is the units digit of u?
4
Let v = 6802 + -2089. What is the thousands digit of v?
4
Let r = -690 - -1156. What is the units digit of r?
6
What is the units digit of 0 + 2/3 + (-478431)/(-459)?
3
Suppose 3*f = 165*o - 162*o + 5244, -5*f - 5*o + 8790 = 0. What is the tens digit of f?
5
Let x(q) = 166*q**2 - 2*q + 3. What is the tens digit of x(1)?
6
Let i be 4/(-7) - (-2723)/49. Suppose 59 = -5*h - 4*n, -2*h - 3*h - i = 5*n. Let d = h + 25. What is the tens digit of d?
1
Suppose 1934 = -16*p + 8958. What is the hundreds digit of p?
4
Let s(c) = c**2 - 8*c + 7. Let f be s(10). Let q = f + -2. What is the units digit of 1*(-3)/((-3)/q)?
5
Let x be 22/(-99) + 40/18. Suppose -w + x*s + 10 = -0*w, -15 = -3*w + s. Suppose 49 + 41 = 2*z + w*a, -a = 5. What is the units digit of z?
5
Suppose 2*v = -2*v - 2*y + 338, 420 = 5*v + 5*y. What is the units digit of -3*2*v/(-30)?
7
Let o(x) = 127*x**2 + x + 6. What is the tens digit of o(-3)?
4
Let n = -491 - -767. What is the hundreds digit of n?
2
Let b(j) be the second derivative of j**5/20 + 7*j**4/12 + 2*j**3/3 + j**2 - 6*j. What is the units digit of b(-5)?
2
Let r be 9/6 + (-69)/(-2). Suppose 34*f + 286 = r*f. What is the tens digit of f?
4
Suppose 9*k - 2*q = 5*k + 1940, -k + 488 = -2*q. What is the tens digit of k?
8
Suppose -7*h + 5*c - 141 = -11*h, 0 = 3*h + 3*c - 105. Let t(f) = f**3 + 5*f**2 - 4*f + 1. Let a be t(-6). Let z = a + h. What is the tens digit of z?
2
Let v be (-12)/(-1)*(-4)/(-6). Let k = v + -8. Suppose k = 4*y - 7 - 5. What is the units digit of y?
3
Let k(v) = -v + 11. Let q be k(11). Suppose -3*d + 6*d + 24 = q. What is the units digit of 43/2 + (-12)/d?
3
Let n = 38 + -22. Let b = 9 - 8. Let g = b + n. What is the tens digit of g?
1
Let k(h) = h**2 + 3*h - 1. Let w be k(2). Suppose -10*x = -w*x - 42. What is the units digit of x?
2
Let j be (-3)/((-20)/(-8) - 3). Suppose r + 4 = 2*r. Suppose -r*m = -j*m + 44. What is the units digit of m?
2
Let c(a) = -9*a + 1416. What is the tens digit of c(0)?
1
Let y(g) = 2*g**2 - 4. Let n be y(4). Suppose 0 = -2*l + 4*o + n, -4*l + l + 27 = -3*o. What is the tens digit of 1/(l/2)*36?
1
Suppose 228 - 893 = -r - 3*h, -2*h = -5*r + 3257. What is the tens digit of r?
5
Let z be (-96)/24 + -2 + 1. Let r(j) be the first derivative of -j**3/3 - 3*j**2 + 5*j - 2. What is the tens digit of r(z)?
1
Let r(s) = 19*s - 3. Let l be r(4). Suppose 3*x + 5*j = 127, 2*x + j + 0*j = l. What is the tens digit of x?
3
Let l(f) = 11*f**2 + 3*f + 2*f - 3*f - f - 1. Let t be 5*(-1*(-6)/(-10) - -1). What is the units digit of l(t)?
5
Let v be 1 + (-5 - -2 - -2). Suppose -25 = -m - 4*b, -2*m - 2*m - 5*b + 100 = v. What is the tens digit of m?
2
Suppose -4*x + j = -1387, -4*x 